nder when 33562 is divided by 28.
18
What is the remainder when 2878 is divided by 29?
7
What is the remainder when 3667 is divided by 334?
327
What is the remainder when 6754 is divided by 2251?
1
What is the remainder when 7056 is divided by 20?
16
Calculate the remainder when 582 is divided by 117.
114
Calculate the remainder when 43117 is divided by 28.
25
What is the remainder when 3529 is divided by 352?
9
What is the remainder when 1999 is divided by 315?
109
Calculate the remainder when 4615 is divided by 84.
79
Calculate the remainder when 11204 is divided by 64.
4
Calculate the remainder when 1476 is divided by 355.
56
Calculate the remainder when 33331 is divided by 5.
1
What is the remainder when 71 is divided by 65?
6
Calculate the remainder when 261164 is divided by 130572.
20
Calculate the remainder when 324748 is divided by 86.
12
Calculate the remainder when 172691 is divided by 120.
11
Calculate the remainder when 11557 is divided by 312.
13
Calculate the remainder when 1207255 is divided by 38.
33
What is the remainder when 2125 is divided by 54?
19
Calculate the remainder when 32279 is divided by 12.
11
What is the remainder when 960376 is divided by 9?
4
Calculate the remainder when 11964 is divided by 3986.
6
What is the remainder when 676363 is divided by 112?
107
Calculate the remainder when 51634 is divided by 846.
28
Calculate the remainder when 2952 is divided by 605.
532
Calculate the remainder when 3912 is divided by 712.
352
What is the remainder when 5202 is divided by 28?
22
Calculate the remainder when 1660 is divided by 40.
20
What is the remainder when 2769 is divided by 196?
25
What is the remainder when 890 is divided by 737?
153
What is the remainder when 15788460 is divided by 17?
16
Calculate the remainder when 3621 is divided by 3618.
3
What is the remainder when 7870 is divided by 34?
16
Calculate the remainder when 9402 is divided by 42.
36
What is the remainder when 429374 is divided by 523?
514
What is the remainder when 9354 is divided by 11?
4
What is the remainder when 633399 is divided by 14?
11
What is the remainder when 3621 is divided by 104?
85
What is the remainder when 5018 is divided by 24?
2
Calculate the remainder when 1730 is divided by 188.
38
Calculate the remainder when 712 is divided by 98.
26
What is the remainder when 29857 is divided by 29855?
2
What is the remainder when 190253 is divided by 74?
73
Calculate the remainder when 785 is divided by 188.
33
What is the remainder when 8715 is divided by 88?
3
Calculate the remainder when 144774 is divided by 14468.
94
Calculate the remainder when 55936 is divided by 72.
64
Calculate the remainder when 242260 is divided by 131.
41
What is the remainder when 2987 is divided by 78?
23
What is the remainder when 9125 is divided by 120?
5
Calculate the remainder when 1528 is divided by 476.
100
What is the remainder when 1152 is divided by 303?
243
What is the remainder when 13062 is divided by 6515?
32
Calculate the remainder when 21164 is divided by 35.
24
What is the remainder when 211102 is divided by 12?
10
Calculate the remainder when 2814 is divided by 397.
35
Calculate the remainder when 200514 is divided by 1208.
1194
Calculate the remainder when 3847 is divided by 624.
103
Calculate the remainder when 35724 is divided by 35714.
10
Calculate the remainder when 25231 is divided by 3152.
15
Calculate the remainder when 370500 is divided by 123494.
18
Calculate the remainder when 3565 is divided by 36.
1
What is the remainder when 2042 is divided by 60?
2
Calculate the remainder when 17784 is divided by 1477.
60
What is the remainder when 7708 is divided by 386?
374
Calculate the remainder when 725997 is divided by 88.
85
What is the remainder when 28885 is divided by 85?
70
Calculate the remainder when 1568 is divided by 61.
43
Calculate the remainder when 13276 is divided by 34.
16
Calculate the remainder when 223782 is divided by 200.
182
Calculate the remainder when 93578 is divided by 18.
14
Calculate the remainder when 997314 is divided by 11.
10
What is the remainder when 8606 is divided by 6?
2
What is the remainder when 69826 is divided by 132?
130
Calculate the remainder when 1947580 is divided by 126.
124
What is the remainder when 454680 is divided by 56835?
0
What is the remainder when 13616 is divided by 566?
32
Calculate the remainder when 6236 is divided by 3004.
228
Calculate the remainder when 746 is divided by 75.
71
Calculate the remainder when 13809 is divided by 657.
12
What is the remainder when 395351 is divided by 456?
455
What is the remainder when 37094 is divided by 7400?
94
What is the remainder when 121037 is divided by 30251?
33
Calculate the remainder when 132774 is divided by 759.
708
What is the remainder when 523 is divided by 221?
81
Calculate the remainder when 11084 is divided by 369.
14
Calculate the remainder when 670529 is divided by 111752.
17
What is the remainder when 63358 is divided by 330?
328
Calculate the remainder when 6355 is divided by 318.
313
Calculate the remainder when 968129 is divided by 310.
309
What is the remainder when 972 is divided by 277?
141
What is the remainder when 2335 is divided by 145?
15
Calculate the remainder when 11868 is divided by 109.
96
Calculate the remainder when 248297 is divided by 134.
129
What is the remainder when 1949525 is divided by 248?
245
What is the remainder when 4010 is divided by 55?
50
What is the remainder when 80087 is divided by 580?
47
Calculate the remainder when 582 is divided by 247.
88
Calculate the remainder when 10132 is divided by 2891.
1459
What is the remainder when 57535 is divided by 23?
12
What is the remainder when 14262 is divided by 14235?
27
What is the remainder when 97927 is divided by 32642?
1
Calculate the remainder when 58233 is divided by 69.
66
What is the remainder when 1683643 is divided by 74?
69
Calculate the remainder when 3584 is divided by 181.
145
Calculate the remainder when 3858329 is divided by 285.
284
What is the remainder when 316218 is divided by 192?
186
Calculate the remainder when 2871 is divided by 851.
318
What is the remainder when 8669 is divided by 841?
259
Calculate the remainder when 302628 is divided by 19.
15
What is the remainder when 4362 is divided by 614?
64
What is the remainder when 34615 is divided by 385?
350
Calculate the remainder when 2329 is divided by 767.
28
Calculate the remainder when 1643 is divided by 690.
263
Calculate the remainder when 2443 is divided by 777.
112
Calculate the remainder when 36703 is divided by 6111.
37
What is the remainder when 26272 is divided by 85?
7
What is the remainder when 19878 is divided by 17?
5
Calculate the remainder when 22068 is divided by 37.
16
What is the remainder when 9632 is divided by 12?
8
Calculate the remainder when 37394 is divided by 779.
2
Calculate the remainder when 3727 is divided by 69.
1
What is the remainder when 3623326 is divided by 184?
182
Calculate the remainder when 154975 is divided by 116.
115
Calculate the remainder when 2158469 is divided by 67.
64
What is the remainder when 786 is divided by 215?
141
What is the remainder when 9424 is divided by 92?
40
What is the remainder when 5323 is divided by 879?
49
What is the remainder when 31527 is divided by 10?
7
Calculate the remainder when 39541 is divided by 117.
112
What is the remainder when 55782 is divided by 916?
822
Calculate the remainder when 777767 is divided by 45.
32
Calculate the remainder when 7382 is divided by 2413.
143
What is the remainder when 682 is divided by 216?
34
Calculate the remainder when 366 is divided by 76.
62
What is the remainder when 366217 is divided by 21539?
54
What is the remainder when 5967 is divided by 224?
143
What is the remainder when 51707 is divided by 17229?
20
What is the remainder when 10137 is divided by 73?
63
What is the remainder when 8266 is divided by 95?
1
Calculate the remainder when 2527797 is divided by 30.
27
What is the remainder when 10932 is divided by 312?
12
What is the remainder when 16349 is divided by 197?
195
Calculate the remainder when 33995 is divided by 108.
83
Calculate the remainder when 206923 is divided by 31.
29
What is the remainder when 392669 is divided by 90?
89
What is